= -5*x + 69. Suppose -k - 4*v = -x, -4*k + 2*v - 5*v + 79 = 0. Is k a composite number?
False
Let i = -9022 - -14691. Is i prime?
True
Let v = 20 + -9. Let h = 9 - v. Is (2 - -45) + 4 + h a prime number?
False
Let y(t) be the first derivative of 28*t**3/3 - 5*t**2 + 5. Let s be y(7). Let o = s - -637. Is o composite?
True
Suppose -8*a + 121596 = -64556. Is a composite?
False
Suppose w + w = -u - 3831, -4*w - 7659 = 5*u. Let l = w - -3289. Is l a prime number?
True
Let t be 3/2 - (-3)/6. Suppose -3*p - 33 = -t*p. Is 3 - (p + (1 - 0)) a prime number?
False
Let c(s) be the first derivative of 7*s**5/3 - s**4/8 + s**3/3 - s**2 - 1. Let p(q) be the second derivative of c(q). Is p(1) composite?
False
Suppose -2*k - 3 = -5. Let l be (-1 - k)/((-26)/4719). Suppose -2*z = z - l. Is z a composite number?
True
Is (70155/90)/(1/2) a composite number?
False
Let d = 25 - 24. Is d*(-6)/(-2) + 32 prime?
False
Is (63222 + 4 - -6) + 9 a composite number?
False
Suppose 0 = z - 5*t - 33, 2*z + 30 = 7*z + 2*t. Suppose -4*y = 5*p - 3977, -5*p - 996 = -y - z*p. Is y prime?
False
Let h(r) = -r + 14. Let i be h(10). Suppose i = -2*f - 0. Let c(b) = -9*b**3 + b**2 - b + 1. Is c(f) a composite number?
False
Let z = 241 - 156. Let v = 2187 + z. Suppose 4*t - 1084 = v. Is t composite?
False
Let d(g) = -95*g**3 + 6*g**2 - 2*g - 2. Let n(f) = 94*f**3 - 5*f**2 + 3*f + 2. Let p(x) = 3*d(x) + 4*n(x). Is p(3) composite?
False
Let l = 55 + 76. Suppose 11*q + l = 12*q. Is q a prime number?
True
Suppose 2*h = -5*w + 8553, 129*h + 4276 = 130*h + 3*w. Is h a composite number?
True
Is 11719 + 4 + 246/41 a prime number?
False
Is 34980/1 - (6/(-3) - 5) a prime number?
False
Let h = 15 - 10. Suppose -2*q + 3*t - 40 = 0, h*q - 4*t = -5*t - 100. Is (130/(-3))/(q/30) a prime number?
False
Suppose 0 = 3*l - 4*y - 23697, -5*l + 2*y + 288 = -39193. Is l prime?
False
Let p = -186 + 317. Is p a prime number?
True
Let i be 1/(3 - 5/2). Suppose i*v = -4*w + 46412, 0 = 3*v + 2*v - 5*w - 116060. Is (2/(-4))/((-11)/v) composite?
True
Suppose 3*v - 5*b - 146 = 0, 3*v + 5*b - 191 = b. Let q = 41 - v. Let a(i) = -i**3 - 17*i**2 - 21*i + 9. Is a(q) prime?
True
Let h = 772 - 267. Is h a composite number?
True
Is (2/(-4))/((-16)/94112) composite?
True
Is -8 - -3700 - (13 + -12) composite?
False
Suppose 4*c - 331 = 385. Suppose -2*s + s - 1529 = 5*k, -k + 5*s = 311. Let h = c - k. Is h a composite number?
True
Let g = -4 - -8. Suppose -4*p + 1564 = 4*i, -5*i - 3*p + 383 = -g*i. Is i prime?
False
Let m = 3740 - 2006. Suppose -s + 2*o + 586 = o, 3*s - m = -5*o. Is s a prime number?
False
Let p = -16 - -23. Let l be 6/(-18)*(1 - p). Suppose 141 = l*o + 7. Is o composite?
False
Let l(v) = 3*v**2 + 17*v - 81. Is l(23) a composite number?
True
Suppose h = 3*h - 4. Let r(d) = 259*d**2 - 5*d + 5. Is r(h) a composite number?
False
Let r = 1413 + -858. Suppose -5*d + 0*d = -r. Is d a composite number?
True
Suppose r = 7*r - 30. Suppose 3*p + 80 = r*f + 5*p, -4*f + 81 = 5*p. Is f a prime number?
False
Suppose 12*g - 13*g = -580. Let f be ((-369)/6)/(1/(-6)). Let a = g - f. Is a a prime number?
True
Suppose 0 = 3*m + 4*z - 5734, -2*z + 7*z - 7646 = -4*m. Let r = m + -1281. Is r prime?
False
Let b = 81 - 76. Suppose -b*a = -5*l - 4395, 3*a + 2*l - 4*l = 2641. Is a a composite number?
False
Let f be (-2)/(3/((-9)/2)). Suppose -2*x + 1550 = f*r, 2*r = 4*x + 1423 - 4507. Suppose 64 = 4*y - x. Is y a composite number?
True
Let x(q) = 5*q**3 - q**2 - q - 42. Is x(5) a prime number?
False
Let r(s) = s**2 + 8*s - 1. Let f(b) = b**2 - 6*b - 4. Let c be f(7). Suppose -5*j - 43 = -c*i, -5*i = -2*j - 0*j - 40. Is r(i) composite?
False
Let k be (-2286)/36*(1 - 7). Is (-1 - (-2)/3)*k*-7 composite?
True
Let y(p) be the second derivative of -11*p**4/2 + 5*p**3/6 - p**2/2 + 4*p. Let o(f) = f**2 - f. Let u(h) = -6*o(h) - y(h). Is u(-2) prime?
True
Suppose o - 9239 = -0*o. Is o a composite number?
False
Let u = -151 - -153. Is ((1534 - -2) + u)/2 prime?
True
Suppose 16 = 4*x, -4*x + 160674 = 18*b - 16*b. Is b a composite number?
False
Suppose 0 = -v - 2*u + 53489, -2*v - 117*u = -118*u - 106998. Is v a composite number?
True
Let c(q) = -2*q**3 + 13*q**2 + 2*q + 42. Let i be c(11). Let l = i + 1542. Is l composite?
True
Let t be 7 + (2 + -3 - 2). Suppose 828 = -5*w + t*w. Let d = w + 1199. Is d a composite number?
True
Let p be 0/(((-6)/2)/(-3)). Suppose 2*q + 2*d - 746 = -0*d, 2*d - 4 = p. Is q composite?
True
Suppose 4*z + 53 = 4*k - 187, 4*z = 3*k - 245. Let d = 6 + z. Let n = d + 133. Is n composite?
True
Suppose -34*j = -27*j - 60361. Is j a prime number?
True
Suppose 789 = -2*l - 289. Suppose 0 = 5*w + 1071 + 2869. Let g = l - w. Is g composite?
True
Suppose -f + 2*w = 3*w, 4*f + 2*w - 8 = 0. Suppose -y + 2*a = -f, -y + 9 = 5*a - 2. Is y/27 + (-709)/(-9) a composite number?
False
Let l = 24 + -23. Let w be (1 - -12)/(1/l). Is 3624/104 - (-2)/w a composite number?
True
Let j = 17901 - 9710. Is j a composite number?
False
Let v(l) = l + 8. Let q be v(-6). Suppose 0 = q*b + 3*y - 4, -b - y + 3*y = -2. Suppose b*h + 255 = 3*w, -639 + 218 = -5*w + 2*h. Is w prime?
True
Let l(g) = 6*g**2 - 8*g + 5. Let b(t) = 2*t**2 - 3*t + 2. Let z(q) = -11*b(q) + 4*l(q). Let v be z(-2). Suppose 0 = -6*k + v*k + 138. Is k prime?
False
Suppose -y - d = 4*y - 339, -3*y + 200 = 4*d. Let j = -2 - -1. Is y - (1 + 3 + j) a prime number?
False
Is -6 + 16 - 5/1 - -11238 prime?
True
Let h be -2*9*6/1. Let v(k) = -k**2 + 27*k + 11. Let f be v(13). Let g = h + f. Is g composite?
True
Let w(z) = 589*z - 5 - 594*z + z**2 - 14. Is w(-7) prime?
False
Suppose -5*g + 3 + 6 = 2*t, 20 = 4*g. Let i be (-2 + 227)*t/(-10). Suppose 4*o - 168 = i. Is o a composite number?
True
Let o(u) = 2*u**3 - 8*u**2 - 3*u + 3. Let f be o(4). Is f/(45/10) - -213 composite?
False
Suppose -2*b - 3*b + 80 = 0. Let j be b/(-10)*(4 - -1). Is 0 - (-39 - j/(-2)) prime?
True
Let c(m) = -79*m + 271. Is c(-12) composite?
True
Let z(s) = -s**2 + 10. Let g be z(4). Let v(a) = 7*a**2 + 2*a - 3. Is v(g) a composite number?
True
Suppose 4936 - 716 = 4*f. Let b be 1/(1/6) + -3. Suppose 0 = b*j - 0*j + 2*z - f, -4*z = -2*j + 730. Is j composite?
True
Suppose 4*m - 3*m = 4*x - 19864, -2*x - 5*m + 9954 = 0. Is x a prime number?
True
Is (-4 - (-4273)/2)/(2/4) composite?
True
Let k = -1590 + 885. Let o = k - -1352. Is o a composite number?
False
Suppose -15*q + 21*q - 97422 = 0. Is q a composite number?
True
Suppose -f - 91197 = -10*f. Is f composite?
False
Let s = 6 - 7. Let t(f) = 43*f**2 - f. Let l be t(s). Suppose i + l = 3*i. Is i a prime number?
False
Let m(t) = t**3 - 7*t**2 - 9*t + 2. Let g(u) = -2*u**3 + 14*u**2 + 18*u - 3. Let n be -2*((-68)/(-8) + -2). Let k(o) = n*m(o) - 6*g(o). Is k(7) composite?
True
Let f(t) = -3*t + 42. Let i be f(17). Let j(v) = 5*v**2 + 4. Is j(i) a prime number?
True
Suppose -9869 = -429*d + 428*d. Is d composite?
True
Suppose 416*v = 409*v + 111923. Is v prime?
False
Suppose 7*l + 348 = 11*l. Is l a prime number?
False
Suppose 0 = -q + 612 + 72. Suppose -q = -6*i + 834. Is i composite?
True
Suppose 5*u + 2*i - 49 + 16 = 0, -u + 4*i = 11. Let o(n) = -u*n + 2 - 2*n**2 + 2*n + 4*n**2. Is o(-5) a composite number?
False
Suppose 4*d - 2*d = 3*f - 19, 24 = 3*f - 3*d. Suppose 4*q + 2*a = 10, a = -4*q + 6*a - 25. Is 3/f + 21 + q a composite number?
True
Suppose 200 = -20*n + 12*n. Suppose -226 = 2*c + 150. Let q = n - c. Is q a composite number?
False
Suppose -48*i = -35*i + 104. Let d(n) = -n**3 + 3 - 2 + 0 + 6*n - 2*n**2. Is d(i) composite?
False
Let m = 3115 - 662. Is m a composite number?
True
Let p(w) = 2*w**2 - 8*w + 9. Let m be p(5). Let b be (-76)/m*(-2)/4. Is ((-18)/(-81))/(b/18) composite?
False
Is ((-30)/(-2))/(-1)*15859/(-3) prime?
False
Let w = 48 + -43. Suppose -y = w*n - 1067, 3*y - 758 = -5*n + 313. Is n a composite number?
True
Let f(t) = 4*t**2 + 2*t + 1. Let y be f(-1). Let x be (-15)/20 + 14924/16. Suppose -3*a + 15 = 0, -s - y*a + x = -0*a. Is s prime?
False
Let f = -22 + 26. Suppose 6*t - 4*t - 3*l + 8 = 0, -t = -f*l + 14. Suppose -3*v - 434 = -p, 3*p - 2230 = -t*p + 3*v. Is p prime?
True
Suppose 4*z = 2*u + 30, -z + 2*z + 5 = -2*u. Suppose 5*m - 436 - 464 = -z*k, 348 = 2*k - 4*m. Is k prime?
False
Let q be -3 - -5 - (-7 + 4). Suppose -3*i = q*t - i + 839,